{"id":27,"date":"2015-02-06T02:26:55","date_gmt":"2015-02-06T02:26:55","guid":{"rendered":"http:\/\/spss.wp.w3.pt\/?page_id=27"},"modified":"2015-02-06T02:26:55","modified_gmt":"2015-02-06T02:26:55","slug":"testes-de-auto-avaliacao","status":"publish","type":"page","link":"http:\/\/spss.w3.pt\/?page_id=27","title":{"rendered":"Testes de auto-avalia\u00e7\u00e3o"},"content":{"rendered":"<p>Testes de auto-avalia\u00e7\u00e3o <b>em SPSS<\/b>:<\/p>\n<ul>\n<li><a href=\"http:\/\/barometro.net\/?i=8&amp;k=W4NMJ\">Teste simples sobre SPSS (10 quest\u00f5es)<\/a><\/li>\n<li><a href=\"http:\/\/barometro.net\/?i=9&amp;k=PYFLH\">Testes de hip\u00f3teses (10 quest\u00f5es)<\/a><\/li>\n<li><a href=\"http:\/\/barometro.net\/?i=11&amp;k=BFBWM\">Explora\u00e7\u00e3o de vari\u00e1veis e regress\u00e3o linear (10 quest\u00f5es)<\/a><\/li>\n<li><a href=\"http:\/\/barometro.net\/?i=10&amp;k=X8TZ3\">An\u00e1lise de clusters (10 quest\u00f5es)<\/a><\/li>\n<li><a href=\"http:\/\/barometro.net\/?i=77&amp;k=Y44B4\">An\u00e1lise factorial (10 quest\u00f5es)<\/a><\/li>\n<li><a href=\"http:\/\/barometro.net\/?i=79&amp;k=PWKGF\">Teste misto (Estat\u00edstica Descritiva, Regress\u00e3o Linear, An\u00e1lise de Clusters, An\u00e1lise de Vari\u00e2ncia) (30 quest\u00f5es)<\/a><\/li>\n<li><a href=\"http:\/\/barometro.net\/?i=147&amp;k=DHQX4\">An\u00e1lise discriminante (5 quest\u00f5es)<\/a><\/li>\n<\/ul>\n<p>&nbsp;<\/p>\n<p><a href=\"http:\/\/barometro.net\">Prima aqui para experimentar o sistema <b>I@NET<\/b><\/a><\/p>\n","protected":false},"excerpt":{"rendered":"<p>Testes de auto-avalia\u00e7\u00e3o em SPSS: Teste simples sobre SPSS (10 quest\u00f5es) Testes de hip\u00f3teses (10 quest\u00f5es) Explora\u00e7\u00e3o de vari\u00e1veis e regress\u00e3o linear (10 quest\u00f5es) An\u00e1lise de clusters (10 quest\u00f5es) An\u00e1lise factorial (10 quest\u00f5es) Teste misto (Estat\u00edstica Descritiva, Regress\u00e3o Linear, An\u00e1lise de Clusters, An\u00e1lise de Vari\u00e2ncia) (30 quest\u00f5es) An\u00e1lise discriminante (5 quest\u00f5es) &nbsp; Prima aqui para [&hellip;]<\/p>\n","protected":false},"author":1,"featured_media":0,"parent":0,"menu_order":0,"comment_status":"closed","ping_status":"closed","template":"","meta":{"footnotes":""},"_links":{"self":[{"href":"http:\/\/spss.w3.pt\/index.php?rest_route=\/wp\/v2\/pages\/27"}],"collection":[{"href":"http:\/\/spss.w3.pt\/index.php?rest_route=\/wp\/v2\/pages"}],"about":[{"href":"http:\/\/spss.w3.pt\/index.php?rest_route=\/wp\/v2\/types\/page"}],"author":[{"embeddable":true,"href":"http:\/\/spss.w3.pt\/index.php?rest_route=\/wp\/v2\/users\/1"}],"replies":[{"embeddable":true,"href":"http:\/\/spss.w3.pt\/index.php?rest_route=%2Fwp%2Fv2%2Fcomments&post=27"}],"version-history":[{"count":1,"href":"http:\/\/spss.w3.pt\/index.php?rest_route=\/wp\/v2\/pages\/27\/revisions"}],"predecessor-version":[{"id":28,"href":"http:\/\/spss.w3.pt\/index.php?rest_route=\/wp\/v2\/pages\/27\/revisions\/28"}],"wp:attachment":[{"href":"http:\/\/spss.w3.pt\/index.php?rest_route=%2Fwp%2Fv2%2Fmedia&parent=27"}],"curies":[{"name":"wp","href":"https:\/\/api.w.org\/{rel}","templated":true}]}}