{"id":29,"date":"2015-02-06T02:31:44","date_gmt":"2015-02-06T02:31:44","guid":{"rendered":"http:\/\/spss.wp.w3.pt\/?page_id=29"},"modified":"2015-02-06T02:31:44","modified_gmt":"2015-02-06T02:31:44","slug":"consultorio-de-apoio-em-analise-de-dados-e-spss","status":"publish","type":"page","link":"http:\/\/spss.w3.pt\/?page_id=29","title":{"rendered":"Consult\u00f3rio de apoio em An\u00e1lise de Dados e SPSS"},"content":{"rendered":"<p>O autor do livro &#8220;SPSS &#8211; Guia Pr\u00e1tico de Utiliza\u00e7\u00e3o&#8221; e a sua equipa de trabalho, disponibilizam os seguintes servi\u00e7os no \u00e2mbito da An\u00e1lise Estat\u00edstica de Dados:<\/p>\n<ul>\n<li>An\u00e1lise de problemas e determina\u00e7\u00e3o das estat\u00edsticas a utilizar.<\/li>\n<li>Estrutura\u00e7\u00e3o e elabora\u00e7\u00e3o de inqu\u00e9ritos.<\/li>\n<li>Introdu\u00e7\u00e3o de dados em bases de dados ou programas de c\u00e1lculo estat\u00edstico (SPSS).<\/li>\n<li>Elabora\u00e7\u00e3o de tabelas e quadros de an\u00e1lise estat\u00edstica.<\/li>\n<li>Interpreta\u00e7\u00e3o de resultados estat\u00edsticos.<\/li>\n<li>Consultoria e apoio ao desenvolvimento de trabalhos de mestrado e doutoramento.<\/li>\n<li>Realiza\u00e7\u00e3o de inqu\u00e9ritos na Internet.<\/li>\n<\/ul>\n<p>Para mais informa\u00e7\u00e3o, entre em<span class=\"Apple-converted-space\">\u00a0<\/span><a href=\"http:\/\/www.dicas-spss.com\/?page_id=34\">contacto<\/a><span class=\"Apple-converted-space\">\u00a0<\/span>connosco.<\/p>\n","protected":false},"excerpt":{"rendered":"<p>O autor do livro &#8220;SPSS &#8211; Guia Pr\u00e1tico de Utiliza\u00e7\u00e3o&#8221; e a sua equipa de trabalho, disponibilizam os seguintes servi\u00e7os no \u00e2mbito da An\u00e1lise Estat\u00edstica de Dados: An\u00e1lise de problemas e determina\u00e7\u00e3o das estat\u00edsticas a utilizar. Estrutura\u00e7\u00e3o e elabora\u00e7\u00e3o de inqu\u00e9ritos. Introdu\u00e7\u00e3o de dados em bases de dados ou programas de c\u00e1lculo estat\u00edstico (SPSS). Elabora\u00e7\u00e3o [&hellip;]<\/p>\n","protected":false},"author":1,"featured_media":0,"parent":0,"menu_order":0,"comment_status":"closed","ping_status":"closed","template":"","meta":{"footnotes":""},"_links":{"self":[{"href":"http:\/\/spss.w3.pt\/index.php?rest_route=\/wp\/v2\/pages\/29"}],"collection":[{"href":"http:\/\/spss.w3.pt\/index.php?rest_route=\/wp\/v2\/pages"}],"about":[{"href":"http:\/\/spss.w3.pt\/index.php?rest_route=\/wp\/v2\/types\/page"}],"author":[{"embeddable":true,"href":"http:\/\/spss.w3.pt\/index.php?rest_route=\/wp\/v2\/users\/1"}],"replies":[{"embeddable":true,"href":"http:\/\/spss.w3.pt\/index.php?rest_route=%2Fwp%2Fv2%2Fcomments&post=29"}],"version-history":[{"count":1,"href":"http:\/\/spss.w3.pt\/index.php?rest_route=\/wp\/v2\/pages\/29\/revisions"}],"predecessor-version":[{"id":30,"href":"http:\/\/spss.w3.pt\/index.php?rest_route=\/wp\/v2\/pages\/29\/revisions\/30"}],"wp:attachment":[{"href":"http:\/\/spss.w3.pt\/index.php?rest_route=%2Fwp%2Fv2%2Fmedia&parent=29"}],"curies":[{"name":"wp","href":"https:\/\/api.w.org\/{rel}","templated":true}]}}